m**3/6 + 3*m**2/2 + 5*m. Calculate g(h).
-12
Let m(u) = -u**3 + 5*u**2 - 4*u + 2. Let s be m(4). Let h(b) = 2*b**3 - b - 3*b**s + b**2 - 4*b**3. Give h(-1).
1
Let t(l) be the first derivative of l**3/3 + l**2/2 - 2*l - 7. Let q = -3 + 5. Calculate t(q).
4
Let f(o) = -1 + 0*o - 1 + 7*o - o**2. Suppose -15 = -0*n - 2*n - c, 5*c = -3*n + 26. Calculate f(n).
-2
Let m(v) be the third derivative of -v**6/120 - 7*v**5/60 - 5*v**4/24 - 3*v**3/2 + v**2. Determine m(-6).
-15
Let u(q) = q**2 + 9*q + 9. Suppose -10 = -3*v - 2*z - 29, 3*z - 3 = 0. Give u(v).
-5
Let a(r) = 2*r**2 - 8*r - 1. Let q(h) = -h. Let z(t) = -a(t) + 4*q(t). Give z(3).
-5
Let l(o) = 3*o**2 - 2*o - 4*o**2 - 7 - 7*o. Suppose -b + 5 - 10 = 0, 5*b = -3*z - 43. Give l(z).
11
Let o(x) be the third derivative of -x**5/60 + 33*x**2. What is o(-1)?
-1
Let o(n) = n**3 + n**2 + 16*n + 9. Let g(a) = 5*a + 3. Let c(f) = 7*g(f) - 2*o(f). Give c(-2).
5
Let x(n) = -5*n - 1. Let v = 20 + -11. Let c(o) = -o + 14. Let i be c(v). Suppose 0 = -3*p - 2*p + i. Give x(p).
-6
Let t be (8/2)/2*2. Let c(k) = -2*k - 5. Determine c(t).
-13
Let t(w) = 2 - 6 - 4*w + 0*w. Suppose r + 12 = 4*r. Let o = r - 7. What is t(o)?
8
Let y(i) = -i**3 + 7*i**2 + 8*i + 1. Suppose 1 = 2*h - 5*r, -r + 26 = 4*h - 3*r. Calculate y(h).
1
Let n(v) = -4*v**2 - v. Let u(c) = -c**3 - c + 1. Let j(z) = n(z) - u(z). Give j(4).
-1
Let c(s) = 6*s + 1. Let g(i) be the first derivative of -15*i**2 - 6*i + 1. Let k(b) = -11*c(b) - 2*g(b). Let a = -4 - -3. Determine k(a).
7
Let c be 96/15 - 10/25. Let f be 37/(-7) + c/21. Let b(p) be the second derivative of -p**3/3 - 7*p**2/2 - p. What is b(f)?
3
Let d = -8 - -3. Suppose -1 = -5*l + 9. Let a(x) = -4*x**l + 3 + x + 2 + 3*x**2 - 4*x. Determine a(d).
-5
Let f be (-15)/35 + (78/(-14) - 2). Let a(s) = -s**2 - 9*s + 6. Calculate a(f).
14
Let q(x) = 6*x**3 - 1. Let p(r) = -2*r**2 + 11*r - 6. Let m be p(5). What is q(m)?
-7
Let g(u) be the third derivative of u**7/2520 - u**6/360 - u**5/120 + u**4/12 + 2*u**2. Let c(j) be the second derivative of g(j). Give c(4).
7
Let n = 0 + 2. Suppose 13 + 7 = n*g. Let m(v) = 3*v + v**2 - g*v - 3 + 7. Determine m(5).
-6
Suppose 4*k = 31 - 15. Let h(m) = m**2 - 2*m + 4. Calculate h(k).
12
Let x(l) = 5*l**2 - 4*l + 3. Let u = -23 - -25. What is x(u)?
15
Let l(d) = -d**3 - 2*d**2 - d - 4. Let t be l(0). Let h(m) = -m**2 - 4*m + 4. Determine h(t).
4
Let k = -20 - -37. Suppose 14 = -o - 0*i - 3*i, k = -3*o - 4*i. Let g(x) = -x**3 + x**2 - 2*x + 1. Give g(o).
-1
Let i(k) = -7*k**2 - k. Let c be i(-1). Let x(o) = 2*o + o**2 - 7*o + 8*o + 5*o. Determine x(c).
-12
Let o(x) = x**3 - 3*x**2 - 2*x - 3. Let j(w) = 3*w**2 + 1. Suppose 2*q = 3*b - 0 + 3, 0 = -b - q - 1. Let z be j(b). Give o(z).
5
Let f(g) be the third derivative of -g**5/60 + 7*g**4/24 - g**3/3 - 10*g**2. Determine f(7).
-2
Let a(k) = 488*k - 979*k + 493*k - 3. What is a(8)?
13
Let p(s) = -8*s**2. Suppose -2 = u, g + 2*u + 4 = 2. Let j(b) = -2*b - 5. Let a be j(-4). Let z = a - g. What is p(z)?
-8
Let b = 1 + -1. Suppose b = 2*q + 2*q. Let o(z) = -z - 1. Calculate o(q).
-1
Let j be 32/(-24)*-1*(-3)/(-2). Let z(b) be the second derivative of -j*b + 1/12*b**4 - 1/2*b**2 + 1/6*b**3 + 0. Calculate z(0).
-1
Let k(v) be the first derivative of -v**4/4 - v**3/3 + v**2/2 - 4*v + 9. Determine k(-3).
11
Let y(t) = -4 - 6*t**2 + t**3 + 3 - 1. Let i(v) = 3*v**3 - 17*v**2 - v - 6. Let r(h) = -3*i(h) + 8*y(h). Give r(4).
-2
Suppose -5 = -5*b + 10. Let k(z) = -z**3 - z**2 - 1. Let n(q) = 3*q**3 - q**2 - 2*q. Let t(m) = 2*k(m) + n(m). Determine t(b).
-8
Let g(z) = z**3 + 6*z**2 + 6*z - 2. Suppose -25*w + 25 = 150. What is g(w)?
-7
Let u(t) be the first derivative of -1/12*t**4 + 2*t - 1 - 1/2*t**3 + 2*t**2. Let h(m) be the first derivative of u(m). What is h(-3)?
4
Suppose 2*l - w + 9 = 0, 2*w + 1 = 7. Let y(s) = -s**3 - s**2 + 5*s + 3. What is y(l)?
6
Suppose -k = 2*b + 2*k - 4, -k = -4*b + 36. Let m(u) = -b + 6 - u + 5. Give m(5).
-2
Let p(s) = -4*s**3 + 5*s**2 + 4*s - 3. Let c(x) = -x**3 + x**2 + x - 1. Let y(h) = 3*c(h) - p(h). Let w = -11 - -8. Let l be 2/(w/27*-6). What is y(l)?
6
Suppose 3*n + 0*y + 27 = -2*y, -2*y = -5*n - 29. Let i be 1/4 - n/4. Let m(t) = -2*t - 1 + i + 0*t. What is m(4)?
-7
Let w(a) = -2*a**2 - a. Let q(y) = -y**2 - 5*y - 5. Let k be q(-3). What is w(k)?
-3
Let o(x) be the first derivative of x**3/3 - 3*x**2/2 - 4*x - 10. Let c be (-2 - 1)/(-2 - -1). Calculate o(c).
-4
Let h(b) = b**2 + b - 5. Let n be h(-5). Suppose 3*d = -2*x + 24, -3*d = -5*x + n + 3. Let c(z) = 2 + x*z**2 - 3*z**2 - 3*z - z**2 - z**3. Calculate c(2).
-4
Let l(m) = -10*m - 9. Let w(f) = 7*f + 6. Let r(g) = 5*l(g) + 7*w(g). Determine r(-6).
3
Let s = 3 - 7. Let y(w) = w**2 - 3*w + 5. Let d = 0 - -4. Let h(b) = b - 1. Let n(p) = d*h(p) + y(p). Calculate n(s).
13
Let q(k) = -3*k - 1 + 12 - 3. Let w(h) = -5*h + 15. Let b(c) = -7*q(c) + 4*w(c). Let l(s) = -s**3 - 4*s**2 - s - 4. Let a be l(-4). What is b(a)?
4
Let x(s) = -s + 6. Let l(q) = -5*q - 1. Let p be l(-1). Suppose -4*f = -3*c + 32, f + 9 = p*c - 3*c. Determine x(c).
2
Let o be 12/(-4) - (-7 - 0). Let z(d) = -d**2 + 1 - 2*d + 0 - 2*d - o. Give z(-4).
-3
Let a(v) be the second derivative of -3*v + 0 - 1/12*v**4 + 3/2*v**2 - 1/2*v**3. Suppose 3*q + 3 - 9 = 0. Calculate a(q).
-7
Let i(u) be the second derivative of u**3/6 - 5*u**2/2 + 15*u. Give i(6).
1
Let t(h) = -3*h + h**3 - 3*h**2 + 3 + 1 - 3*h**2. What is t(6)?
-14
Let j(o) = 0 - o - 2*o - 1 - o**2 - 2 + o**3. Suppose -3*s = -0*s - 6. Suppose 5 = m + s. Calculate j(m).
6
Let c(y) = -3 - 6 + 2*y + 4. Let i be c(0). Let b(g) = g**2 + 4*g + 2. Give b(i).
7
Let o(c) = 6*c**2. Let v(h) = h**2 + h - 3. Suppose -16 = 4*q - 4. Let j be v(q). Suppose 2 = j*g - 1. Determine o(g).
6
Let w be (18/3)/(3/(-2)). Let m(k) = k**2 - 6*k - 3. Let f(o) = 3*o**2 - 17*o - 9. Let x be 66/4*6/9. Let a(b) = w*f(b) + x*m(b). Determine a(-2).
-5
Let m(n) = 3*n + 5. Let c(w) = 4*w + 6. Let b(d) = -4*c(d) + 5*m(d). Let q(r) = 2 + 2*r**2 + 6*r**2 + r**3 + 0*r**2. Let j be q(-8). Give b(j).
-1
Suppose -9 = -2*z - z. Let m(l) = -l**3 + 3*l**2 - 3*l - 2. Give m(z).
-11
Suppose -4*h = 10 + 10. Let k(o) = 3*o**3 - 2*o**2 - 6*o + 4. Let j(t) = t**3 + t**2 + 1. Let i(c) = -4*j(c) + k(c). Determine i(h).
5
Let y(s) be the third derivative of s**6/120 + s**5/12 + s**4/6 + s**3/6 - 4*s**2. Give y(-4).
1
Let w(j) = j**3 + 2*j**2 - j. Suppose -v = -6 + 4. Suppose 0*b - 4*g + 2 = b, -v = 2*b + 2*g. Calculate w(b).
2
Let x = 34 + -36. Let i(q) = -q**3 + 3*q + 3. Give i(x).
5
Let q(p) = -7*p**3 - 11*p**2 + 6*p. Let d(g) = 20*g**3 + 32*g**2 - 17*g + 1. Let i(s) = -6*d(s) - 17*q(s). Determine i(-5).
-6
Let v(n) = n - 3. Let y be (-2)/(28/8 - 4). What is v(y)?
1
Let g(a) be the second derivative of a**3/6 + a**2/2 + 29*a. Determine g(3).
4
Let m(d) = -2*d - 9. Let h be m(-7). Let o(n) = -4*n**2 + n + 13*n**2 + 6*n - 3. Let i(g) = 13*g**2 + 11*g - 5. Let v(t) = h*i(t) - 8*o(t). What is v(-1)?
-7
Let k(h) = -112*h + 229*h - 112*h. What is k(2)?
10
Let u(h) = h + 3. Let w(r) = -r. Let l(v) = -u(v) + w(v). What is l(3)?
-9
Let a(g) be the third derivative of g**2 - 1/2*g**3 + 0 - 1/60*g**5 - 1/8*g**4 + 0*g. Determine a(-2).
-1
Suppose -114 = -5*l - 19. Suppose -l = -3*f - 2*b + 6, 4*b = 20. Let u(d) = d**3 - 5*d**2 - 6. What is u(f)?
-6
Suppose -12*v = -16*v + 8. Let l(j) = -4*j. Give l(v).
-8
Let b(w) = w**3 + 3*w**2 + 4. Let m(x) be the third derivative of -x**5/60 + x**4/8 + x**3/6 - 4*x**2. Let h be m(4). Calculate b(h).
4
Suppose 7 - 1 = 3*g. Let c(j) be the first derivative of j**5/30 - j**4/12 - 2*j**3/3 + 3. Let d(q) be the third derivative of c(q). Determine d(g).
6
Let c(p) = -5*p**2 + 2*p - 1. Suppose 0 = 4*g - g - 12, 2*g - 3 = 5*s. Determine c(s).
-4
Suppose -8*p - 25 = -9*p. Suppose 7*g = 2*g + p. Let b(r) = 4*r + 4*r**2 + 5 - 2*r**2 - 3*r**2. Determine b(g).
0
Suppose 7 = -4*n - 3*d, n + 4*d - 28 = 5*n. Let h(g) be the first derivative of 2*g + 5/3*g**3 - 4 + 1/4*g**4 + 3/2*g**2. Determine h(n).
6
Let o be (4/10)/((-12)/(-60)). Let l(q) = q**2 - 4*q - q**o + q**2 - q. Give l(4).
-4
Let w(a) = -8*a + 3*a**2 + 5*a + 2*a**2. Let p(r) = -24*r**2 + 14*r. Let s(y) = y**2 - 8*y + 6. Let l be s(6). Let m(g) = l*p(g) - 28*w(g). Give m(1).
4
Let h(a) be the first de